 - 34. Suppose 4*k + 0*k = -20. Let x = k + 9. Calculate the highest common factor of j and x.
4
Let x = 26 - 16. What is the greatest common divisor of 90 and x?
10
Let g(o) = o**3 - 5*o**2 + 5*o + 3. Let u be g(4). What is the highest common divisor of u and 63?
7
Let a = 5 - 6. Let h be 14/(-4)*(-3 + a). What is the highest common divisor of h and 14?
14
Let n = -5 + 11. Let l(y) = y**2 + 2*y + 7. Let a be l(n). Let f = a + -35. Calculate the highest common divisor of 50 and f.
10
Suppose 41 = 2*v - 5*o, -15 = -v - 2*o - o. Let p be -10*50/(-4) - -1. Suppose -2*k = -3*k + p. Calculate the greatest common divisor of v and k.
18
Suppose -4*l = -5*n - 13, n - 5*n = -l - 5. Let a(s) = -s**2 - 4*s**2 + 9*s - 4 + 5 + 4*s**2. Let k be a(l). What is the greatest common divisor of 135 and k?
15
Suppose -x - 4*x = -5, k - 27 = -3*x. Let c(p) = -p**3 - p**2 - 2*p - 2. Let m be c(-2). Suppose r = -r + m. Calculate the highest common factor of r and k.
3
Suppose -4*x = 3*g - 9, 5 = -g + x - 5*x. What is the greatest common divisor of g and 28?
7
Let u = 23 - -15. What is the highest common divisor of 2 and u?
2
Let p be 2/1 + 2 + 0. Suppose -p*t + 40 = -0*t. Let g(x) = -11*x**3 - 2*x**2 - x. Let k be g(-1). Calculate the greatest common factor of k and t.
10
Suppose 0 = -5*n - 2*q - 18, -5*n + n = 4*q + 24. Let s = n - -17. Let d = -73 + 208. Calculate the greatest common divisor of d and s.
15
Suppose 21 = k - 1. Let y be (22/5)/(2/10). Calculate the greatest common factor of k and y.
22
Let s = -1 + 2. Let p = -1 - 0. Let w be (-2 - p) + 21 + s. Calculate the greatest common factor of w and 231.
21
Let w be 6 + 2 - (4 + -6). Let m be -5 + 4 + w*2. Suppose -3*r + 745 = 5*q, 113 = -3*q - 2*r + 559. Calculate the greatest common divisor of m and q.
19
Let s = -11 + 26. Suppose 9 = 4*h - h. What is the greatest common factor of s and h?
3
Let n(i) = -2*i**3 - 4*i**2 - 4*i - 4. Let c be n(-3). Suppose -4*q = -5*g - 218 + c, 0 = 4*g. Calculate the highest common divisor of q and 32.
16
Let s(f) = -f**2 + 40. Let o be s(0). Suppose -2*l - o = -4*l. Let u be (-2)/(-6) + 23/3. What is the greatest common factor of l and u?
4
Suppose -228 + 3 = -5*l. Suppose -i - 13 = -2*i - 5*c, -2*i + 34 = 2*c. Calculate the greatest common factor of l and i.
9
Let s = -93 - -157. Let n be (10/6)/(2/6). Suppose -n*w = -1 - 39. What is the greatest common factor of w and s?
8
Suppose 0 = -2*z - 6*v + 4*v + 70, 3*v - 27 = -z. Calculate the highest common factor of 52 and z.
13
Suppose 4*t - 1380 = -0*t. Suppose -334 = 2*s - 2*h + 90, 2*s + 3*h = -429. Let v = s + t. Calculate the highest common factor of v and 12.
12
Suppose 4*n + 0*n - 20 = 0. Suppose 0*d = d - n. Suppose -p = -d*h + 175, -3*h + 77 = 3*p - 46. Calculate the greatest common factor of 4 and h.
4
Suppose 3*w = -3*z - 0*z + 225, -3*z + 225 = w. Calculate the highest common factor of z and 30.
15
Let b(k) be the second derivative of -13*k**3/6 + 3*k**2/2 - 4*k. Let f be b(-3). What is the highest common divisor of 7 and f?
7
Let q be 686/4 + (-3)/(-6). Suppose 5*n - n + q = 0. Let c = -19 - n. Calculate the highest common divisor of c and 8.
8
Let z(j) = -j**2 - j - 3. Let c be z(0). Let v = 6 + c. Suppose -10 = -r - 1. What is the highest common factor of r and v?
3
Let f(t) = -2*t. Let g be f(-7). Let q = 27 - g. Let w(x) = 8*x**2 + x - 4. Let j be w(-3). Calculate the greatest common factor of q and j.
13
Let t = 17 + -8. What is the greatest common divisor of t and 18?
9
Let c = -10 + 18. Suppose -c = -5*s + 37. Suppose u + u - 126 = 0. Calculate the greatest common divisor of s and u.
9
Let v = 5 + -5. Suppose -5*d + 15 = v, -4*u = -6*u + 5*d - 33. Let q be (-8)/(0 + 6/u). What is the highest common factor of 132 and q?
12
Let h(p) = p**3 - 6*p**2 + p + 5. Let t = 11 + -5. Let i be h(t). Calculate the highest common factor of 77 and i.
11
Suppose -2*d - 2*d = 0. Suppose d*x = -2*x. Suppose 4*t - 92 - 128 = x. What is the highest common divisor of t and 11?
11
Let u = -118 - -214. Suppose 32 = o + 20. Calculate the highest common factor of o and u.
12
Let p = 153 + -98. Let o = -6 - -23. Suppose -o = -2*h + 5. Calculate the highest common divisor of p and h.
11
Let n be 6/(-21) - (-23)/7. Let t = n + -1. Suppose 2*z + t*k - 4 = 4, -4*z + 4*k = -48. Calculate the greatest common divisor of z and 12.
4
Let i = 1 - -1. Let m be ((-10)/(-4))/(4/8). Let t(p) = -p**3 + 7*p**2 - 6*p - 2. Let y be t(m). What is the highest common divisor of y and i?
2
Let t(o) = 4*o - 22. Let q be t(7). What is the highest common divisor of q and 42?
6
Let x = -53 + 64. Calculate the highest common factor of x and 33.
11
Let i(t) = t**2 + 3*t - 13. Let c be i(9). Suppose 3*b - 88 = -2*d - 0*b, -3*b = 5*d - 202. Calculate the highest common factor of d and c.
19
Suppose -2*h = -0*h - 14. Let x = 85 + -8. What is the greatest common divisor of x and h?
7
Let a = -67 + 254. Let t(x) = -x + 8. Let m = 23 + -32. Let l be t(m). What is the greatest common factor of a and l?
17
Suppose 0 = 3*k + o + 2*o - 36, 78 = 5*k - 4*o. Calculate the greatest common divisor of 56 and k.
14
Suppose 5*i - 4*y = 750, 4*i - 626 = -5*y + 3*y. What is the highest common factor of 14 and i?
14
Let v be 3 - 2*(-2 - -1). Let b(n) = n + 12. Let s be b(-11). Calculate the greatest common factor of v and s.
1
Let s(l) = -l**3 + 10*l**2 + l + 18. Let z be s(10). Let p(d) = 4*d**2 - 6*d + 2. Let c be p(4). What is the highest common divisor of c and z?
14
Suppose 5*q = 3*q - 342. Let j = 252 + q. Calculate the highest common factor of 9 and j.
9
Let i = -41 - -117. Calculate the greatest common divisor of 19 and i.
19
Suppose -14 = -5*j + 16. Suppose 0 = -2*r - 22 + j. Let l = 12 + r. What is the greatest common divisor of 1 and l?
1
Let m = 33 + -27. What is the highest common factor of 42 and m?
6
Suppose 3*c = -2*c. Let p be 11 - (-6)/(-3 - c). Let h(m) = 17*m**2 + 1. Let v be h(-1). Calculate the greatest common divisor of p and v.
9
Let v(m) = -m**2 + m + 82. Let k be v(0). Suppose h = -4*h - 10, 0 = -4*i + 3*h + k. What is the greatest common factor of 95 and i?
19
Let t = 121 - 194. Let a = -38 - t. Suppose -5*f + v = -72, -5*f + 80 = -3*v - 2*v. What is the greatest common factor of a and f?
7
Let r(w) = 2*w - 27. Let d be r(14). Calculate the highest common factor of d and 6.
1
Let a = 1213 + -927. Suppose 0 = -7*j + 2*j + 130. Calculate the highest common divisor of j and a.
26
Suppose 396 = 7*j - 3*j. Suppose 0 = 5*q - z - 495, q - z - j = -2*z. Let t = -22 - -31. Calculate the highest common divisor of q and t.
9
Suppose 23 - 113 = -5*p. Let o be (157 - -4) + 2 + -1. Calculate the highest common factor of p and o.
18
Suppose 6*p - 322 = 560. Calculate the greatest common divisor of 21 and p.
21
Let f(o) = 5*o + 9. Let n be f(-6). Let b be -1 - -46*n/(-6). Suppose -5*u + b = -0*u. Calculate the highest common factor of u and 16.
16
Suppose 0*f = f - 12. What is the highest common divisor of f and 4?
4
Suppose 2*q = -q + 6. Let f be ((-1)/(-1))/(q/142). Let z be (5 - 3) + f + -1. What is the greatest common divisor of 9 and z?
9
Suppose -a + 23 = -7*p + 2*p, 5*a - 5*p = 215. Suppose 4*d - 54 = 3*b, 2*d - a = 3*b - 0*d. Let n = b - -23. Calculate the greatest common divisor of 1 and n.
1
Let x(h) = -2*h**3 + 15*h**2 - 2*h + 12. Let u be x(7). Calculate the highest common factor of 376 and u.
47
Let a = -1526 + 2616. Let k be a/25 + 2/5. Suppose 0 = -2*z + 5*r + 22, 0 = -4*z + 2*r - 0*r + k. What is the highest common factor of z and 55?
11
Suppose 8*o = -3*o + 2574. What is the highest common factor of 26 and o?
26
Suppose 29 = 3*g + 11. Calculate the highest common divisor of g and 48.
6
Let m = 60 + -40. Suppose 13*c = 8*c. Suppose -p + c*p + 7 = -3*s, 5*s = -2*p + 3. What is the greatest common divisor of p and m?
4
Let o be (3 + -4)*6/(-2). Suppose -b - o*b = -16. Let g be b/(-10) + 37/5. Calculate the greatest common divisor of g and 63.
7
Let b be 40/(-6)*(-9)/2. Let s(g) = g**3 + 2*g**2 - 3*g + 3. Let j be s(-3). What is the greatest common divisor of j and b?
3
Suppose -2*m = -5*p - 13, 4*m - 2*p - 6 - 12 = 0. Suppose -9 = -n - m*k, n = -2*n - 5*k + 20. Calculate the greatest common divisor of n and 5.
5
Suppose -f = -3*f - 2*y + 50, 6 = 2*y. Cal